atest common factor of 161 and s?
23
Let t(j) = j**3 + 14*j**2 + 9*j - 4. Let v be t(-13). What is the greatest common divisor of v and 60?
12
Suppose 6*j = 3*j + 2604. What is the greatest common divisor of j and 14?
14
Suppose 3*o - 366 = c + 1115, -1478 = -3*o + 4*c. Calculate the highest common factor of o and 76.
38
Suppose 99 = 12*u - 189. Let r(v) = 49*v**2 + 2*v. Let k be r(-2). What is the greatest common factor of u and k?
24
Suppose p = c - 0 + 18, -p - 4*c = -8. What is the greatest common factor of p and 6?
2
Suppose 26*c - 1440 = 8*c. Calculate the highest common divisor of c and 368.
16
Suppose i + 63 = -3*y, 2*y + 161 = -i - 2*i. Let b = 19 + i. Let u be b/24 + (-67)/(-3). What is the highest common factor of 84 and u?
21
Suppose 47*q - 52*q + 1210 = 0. Calculate the highest common divisor of q and 22.
22
Let c(j) = 3*j**2 + 135*j + 136. Let y be c(-44). What is the greatest common factor of 214 and y?
2
Let w be (((-6)/(-4))/(-3))/((-2)/(-144)). Let s be (-21)/(-2)*(-6)/w*8. What is the highest common factor of 49 and s?
7
Suppose 4*v + 3*q = 263, -5*v + 4*v - q + 67 = 0. Calculate the greatest common factor of 620 and v.
62
Let l(i) = 8*i**2 - 34*i - 60. Let j be l(14). Calculate the highest common factor of 12 and j.
12
Let a be 2 + 185 + 14/(-7) + 0. Calculate the highest common divisor of 37 and a.
37
Let z = 214 + -109. Let y = -61 + z. Calculate the highest common factor of 11 and y.
11
Let w(x) = -49*x**2 + x + 2. Let h be w(2). Let p be h/(-2) - (2 + -2). Suppose 3*m = -m + p. Calculate the greatest common factor of m and 16.
8
Let b be ((-3)/(-4))/((-2)/(-8)). Let k be 4/(2/(-2)) - -8. Suppose k = b*x - x. Calculate the highest common divisor of x and 14.
2
Let o = -11 + 9. Let q be 3 + (-7 - o) + 6. Suppose 2*f + q = f, -5*t + 50 = 5*f. Calculate the greatest common factor of 98 and t.
14
Suppose -4*f = 2*b - 3*b + 26, -4*b + 2*f = -34. Let h be (-4 - 4)*(-22 + b/3). What is the highest common factor of h and 8?
8
Suppose -3*i = -2*i - 3. Let r be 4*(i + (-10)/4). Suppose -648 = r*p - 6*p. What is the greatest common divisor of 18 and p?
18
Let n be -4 + 124/32 - (-146)/16. What is the greatest common factor of 81 and n?
9
Let d = 241 - 260. Suppose 2*f = -r - 24, 34 + 32 = -5*f - r. Let s = f - d. What is the highest common divisor of s and 35?
5
Suppose -3*p - 9 = 0, 9*p = -c + 6*p + 183. What is the highest common divisor of 24 and c?
24
Suppose 8*j - q = 7*j + 8, -4*q - 12 = 0. Calculate the highest common divisor of j and 235.
5
Let a(c) = 38*c + 38. Let l be a(5). Let r be ((-2)/(-6))/(-5 - l/(-45)). Calculate the greatest common factor of r and 1.
1
Let t = 37 - 29. Suppose 44 = 2*j + t*i - 4*i, 53 = 2*j - 5*i. Calculate the greatest common factor of 264 and j.
24
Suppose 2 = -4*y + 2*u, u - 6*u + 21 = -2*y. Suppose -3*k - 4*g = -26, 2*k - 18 = -4*g + y*g. Calculate the highest common factor of 4 and k.
2
Let j be (-288)/15*75/(-45). What is the greatest common divisor of j and 20?
4
Suppose v - 37 = -0*v - 5*h, 0 = 4*v - 5*h - 198. Let t = -17 - v. Let q = 31 - t. Calculate the highest common divisor of q and 38.
19
Let t(w) = -4*w - 62. Let a be t(-12). Let o be 5500/(-350)*(-1)/((-2)/a). What is the greatest common factor of 44 and o?
22
Let z = 2 - -4. Let f(x) = -2 + 2*x - 2 + 3. Let k be f(5). Calculate the highest common factor of z and k.
3
Suppose 0 = -5*o + 3*k + 91, -4*o - 4*k - 59 = -7*o. Suppose 3*c = 6, -3*i + 4*c = -o - 2. What is the highest common factor of i and 18?
9
Let z be (1728/20 + -6)/(1/10). Calculate the highest common factor of 24 and z.
12
Suppose 0 = 6*g - 24 - 54. Suppose 5*b + 0*l + 10 = 2*l, l = -5. Let n(d) = 10*d**2 + 5*d + 3. Let k be n(b). Calculate the greatest common divisor of k and g.
13
Let s be (-140)/(-6) + (-12)/(-18). Let p(q) = q**2 - 9*q - 12. Let r be p(10). Let f(m) = 2*m**2. Let d be f(r). What is the highest common factor of s and d?
8
Let d be (-79)/7 + 2/7. Let u = d + 7. Let v(k) = -21*k. Let j be v(u). Calculate the greatest common factor of j and 12.
12
Let p = -1162 - -1662. Calculate the greatest common factor of 4 and p.
4
Let o = -207 - -243. Let a be 7/(14/(-20)) + -1. Let l = 20 + a. Calculate the highest common divisor of o and l.
9
Suppose -971 = -20*y - 331. Let i = 41 + 7. Calculate the greatest common divisor of y and i.
16
Let r be 22/10 + -2 - (-532)/140. Let l(j) = 8*j - 23. Let n be l(r). What is the greatest common factor of n and 27?
9
Let x(q) = q**2 + 3*q + 8. Suppose 9 = -k + d, 4*d = -9*k + 12*k + 31. Let l be x(k). What is the greatest common divisor of 180 and l?
18
Let y be (-1)/4*-6*-2. Let c = -3 + y. Let v(d) = -d**3 - 7*d**2 - 8*d - 2. Let t be v(c). What is the highest common factor of 110 and t?
10
Suppose 0*w - 2*w + 238 = 2*n, 0 = -4*n + 8. Suppose 2*c = 68 - 42. Calculate the highest common factor of w and c.
13
Let m(x) = -x**2 - 30*x - 8. Let b(k) = -8*k - 2. Let q be b(2). Let j be m(q). What is the greatest common divisor of j and 26?
26
Let x(q) = 61*q**2 - 1. Let g be x(1). Let v be (1 + -1)/(-2) + -40. Let t = 64 + v. Calculate the highest common factor of g and t.
12
Suppose -3*d - 3*p = -3, 0*p + 5 = -p. Calculate the greatest common divisor of 150 and d.
6
Let j be (0 - 84)/(6*(-5)/80). Let b = -143 + j. Calculate the greatest common divisor of b and 9.
9
Let s be (0 - -2) + 264/22. Calculate the greatest common factor of s and 574.
14
Let q(x) = -99*x**3 - 2*x**2 - x + 2. Let v be q(1). Let o = v - -151. Calculate the highest common divisor of o and 17.
17
Let v = 26 - 22. Suppose -v*j + 2 = -46. Suppose -4*s - 10 = -9*s + 5*w, 2*w = -3*s + 26. Calculate the greatest common factor of j and s.
6
Let j be (-4)/(-6)*(-114)/(-4). Suppose -3*f = -26 + 11, -y - 2*f + 143 = 0. Calculate the greatest common factor of j and y.
19
Let d(u) be the second derivative of -2*u**3/3 + u**2/2 - u. Suppose -4 = -8*p - 20. Let s be d(p). What is the highest common divisor of s and 6?
3
Let r = -193 + 214. Calculate the greatest common divisor of r and 9.
3
Let c(j) = 3*j**3 + 56*j**2 - 21*j - 17. Let n be c(-19). Calculate the highest common divisor of 9 and n.
3
Let y(c) = c + 4. Let t be y(-3). Let u be t + -1 + 2 + 119. Let h(w) = w**2 - 19*w + 11. Let o be h(19). Calculate the highest common factor of u and o.
11
Let r be 280/15 - (-3)/(36/(-8)). Calculate the greatest common factor of r and 306.
18
Let i(f) = 2*f**2 - 78*f - 51. Let t be i(40). Calculate the highest common divisor of 116 and t.
29
Let l(s) = s**2 + 20*s + 61. Let x be l(-19). Let q be ((-18)/8)/(x/(-112)). What is the highest common factor of 15 and q?
3
Suppose -8 = 2*s - 0*v - v, 5*v + 35 = -5*s. Let d(q) = q**3 + 3*q**2 - 13*q - 1. Let x be d(s). Calculate the highest common divisor of x and 84.
14
Suppose 0 = -2*s - 3 - 21. Let z = s - -13. Calculate the greatest common factor of z and 9.
1
Let q(z) = -3*z - 1. Let g be q(-2). What is the greatest common divisor of 135 and g?
5
Suppose 6882 - 1302 = 5*v. Suppose -5*g + v = -3*q, -4*q - 154 = -4*g + 734. What is the highest common factor of g and 45?
45
Suppose -2*r + 18 = -0*r. Suppose 4*y - r*y + 235 = 5*o, 2*o - 96 = -3*y. Calculate the highest common divisor of 75 and o.
15
Let y be (-258)/8 - 2/(-8). Let z = y + 57. Calculate the greatest common divisor of 225 and z.
25
Let c be 3/(-2)*(-8 + (-112)/(-24)). Calculate the highest common divisor of 10 and c.
5
Suppose 0 = 5*a - 164 - 101. Let o = 74 - a. Calculate the greatest common divisor of o and 28.
7
Let p = -12 + 15. Suppose -4*o = 0, 5*d - 124 = p*o + 46. Let a(q) = -2*q + 51. Let w be a(0). Calculate the highest common divisor of w and d.
17
Suppose -627 = -8*d - 11*d. Let x be 11*((-4)/22 + 765/d). Let n(q) = 2*q + 9. Let l be n(7). Calculate the greatest common factor of l and x.
23
Let u be 895/3 - (-8)/(-6). What is the greatest common divisor of u and 243?
27
Let a(q) = 10*q - 96. Let l(y) = -2*y + 19. Let t(x) = 2*a(x) + 11*l(x). Let s be t(8). Calculate the greatest common divisor of s and 1.
1
Let x = 437 + -866. Let f = x + 638. What is the highest common factor of 19 and f?
19
Let r(a) = 6*a**3 - 3*a**2 - 2*a + 63. Let m be r(0). Calculate the greatest common factor of m and 154.
7
Let u = -8 - -11. Suppose -u*d + 28 = -2. What i